 40 and 2100?
20
Calculate the greatest common divisor of 153412 and 28.
28
What is the greatest common divisor of 63111 and 2289?
327
What is the greatest common divisor of 10850 and 16100?
350
What is the highest common factor of 312180 and 80?
20
What is the highest common factor of 1101 and 305711?
367
What is the greatest common factor of 517 and 37177?
47
What is the greatest common divisor of 94 and 359409?
47
What is the greatest common divisor of 447 and 64666?
149
Calculate the highest common factor of 30 and 16042890.
30
What is the highest common factor of 26793 and 403?
13
What is the highest common divisor of 6222 and 294?
6
Calculate the highest common factor of 41602 and 434.
62
What is the highest common factor of 336 and 832496?
112
Calculate the greatest common factor of 3374 and 238.
14
Calculate the greatest common divisor of 1815 and 17831.
11
What is the greatest common divisor of 135 and 107595?
135
Calculate the highest common divisor of 9140 and 940.
20
Calculate the greatest common factor of 234127 and 11843.
911
Calculate the greatest common factor of 15983 and 352.
11
Calculate the highest common divisor of 143717 and 343.
343
What is the highest common divisor of 108 and 704?
4
Calculate the greatest common factor of 29 and 487374.
29
Calculate the greatest common divisor of 129 and 507.
3
Calculate the highest common factor of 906 and 222.
6
Calculate the highest common factor of 598 and 33254.
26
Calculate the highest common divisor of 12760 and 1628.
44
Calculate the highest common divisor of 1045 and 1177.
11
Calculate the greatest common factor of 8538096 and 112.
112
Calculate the greatest common divisor of 4085 and 120.
5
Calculate the highest common factor of 1993703 and 22630.
2263
What is the highest common divisor of 1688 and 5464?
8
What is the highest common divisor of 90 and 15880?
10
What is the highest common factor of 27979 and 14?
7
What is the highest common divisor of 120 and 910?
10
Calculate the highest common divisor of 3204 and 5652.
36
Calculate the highest common factor of 241615 and 110.
55
What is the highest common divisor of 939980 and 172?
172
What is the greatest common factor of 341825 and 22?
11
Calculate the greatest common factor of 1340652 and 24.
12
Calculate the greatest common divisor of 140 and 3520.
20
What is the highest common factor of 2318 and 1178?
38
What is the greatest common factor of 183 and 5530809?
183
Calculate the highest common factor of 196547 and 338.
169
What is the greatest common factor of 1156 and 463216?
68
Calculate the highest common factor of 40052 and 152.
76
What is the greatest common factor of 11 and 214060?
11
What is the greatest common divisor of 798 and 143298?
114
Calculate the highest common divisor of 16 and 178232.
8
Calculate the greatest common divisor of 62023 and 507.
169
Calculate the highest common divisor of 212 and 47382.
106
What is the highest common factor of 459033 and 795?
159
Calculate the highest common factor of 373593 and 3.
3
Calculate the highest common factor of 66872 and 64.
8
What is the greatest common factor of 33324 and 60?
12
Calculate the highest common factor of 10 and 50020.
10
What is the highest common divisor of 202 and 3833758?
202
What is the highest common factor of 3502 and 119?
17
What is the highest common factor of 88 and 15752?
88
What is the highest common factor of 1785 and 27132?
357
What is the greatest common divisor of 3404 and 29008?
148
Calculate the greatest common factor of 192 and 463744.
64
What is the highest common divisor of 38046 and 8?
2
Calculate the greatest common divisor of 3890 and 670.
10
Calculate the greatest common divisor of 68675 and 9225.
1025
What is the greatest common divisor of 216090 and 1260?
630
What is the greatest common divisor of 54740 and 799?
17
What is the greatest common factor of 48740 and 40?
20
What is the greatest common factor of 81144 and 4536?
504
What is the highest common factor of 963345 and 60?
15
What is the highest common factor of 4669 and 5313?
161
What is the greatest common factor of 64576 and 3136?
64
Calculate the highest common factor of 1360 and 64280.
40
What is the greatest common factor of 8588 and 72433?
113
Calculate the greatest common factor of 186 and 169198.
62
Calculate the greatest common factor of 64 and 3442624.
64
What is the greatest common factor of 5852 and 7711?
11
What is the highest common factor of 799560 and 20?
20
What is the highest common factor of 50 and 8975?
25
Calculate the highest common factor of 11613 and 2352.
147
Calculate the greatest common factor of 2547 and 894563.
283
What is the greatest common factor of 83016 and 72?
72
Calculate the highest common divisor of 827547 and 2355.
471
Calculate the highest common factor of 114 and 17062.
38
What is the greatest common factor of 79521 and 390?
39
Calculate the greatest common divisor of 27715 and 115.
115
What is the highest common divisor of 111 and 195101?
37
Calculate the greatest common factor of 5976 and 648.
72
Calculate the highest common factor of 120 and 49480.
40
Calculate the highest common divisor of 2960 and 519295.
185
Calculate the highest common divisor of 234 and 3264.
6
What is the highest common divisor of 3815 and 344876?
763
What is the greatest common factor of 745 and 13261?
149
What is the highest common divisor of 6412 and 18508?
28
Calculate the greatest common factor of 70 and 4489240.
70
Calculate the highest common factor of 336 and 1072.
16
Calculate the greatest common factor of 848 and 106.
106
What is the greatest common divisor of 62 and 34565?
31
What is the highest common divisor of 77 and 1339261?
77
What is the highest common divisor of 59 and 626993?
59
Calculate the highest common divisor of 45 and 149355.
45
Calculate the greatest common factor of 3522 and 536518.
1174
What is the greatest common factor of 2 and 348704?
2
Calculate the highest common factor of 112 and 460064.
16
Calculate the greatest common divisor of 442707 and 1384.
173
What is the greatest common divisor of 10854 and 486?
162
Calculate the greatest common divisor of 1542199 and 211.
211
What is the highest common divisor of 1370 and 62?
2
What is the highest common divisor of 192300 and 5100?
300
Calculate the greatest common factor of 267526 and 21049.
679
What is the greatest common factor of 62612 and 22?
22
What is the highest common divisor of 41877 and 12636?
81
What is the highest common divisor of 15052 and 781?
71
Calculate the highest common factor of 20 and 571480.
20
What is the highest common factor of 128 and 16?
16
Calculate the highest common factor of 1407 and 5025.
201
Calculate the highest common factor of 4 and 105596.
4
Calculate the highest common factor of 31 and 48019.
31
Calculate the highest common factor of 112 and 2154194.
14
What is the greatest common divisor of 59738 and 28?
14
What is the highest common divisor of 2870 and 9590?
70
Calculate the greatest common factor of 14462 and 98.
14
What is the greatest common factor of 75 and 8350?
25
Calculate the greatest common divisor of 192 and 8748.
12
What is the highest common factor of 7812 and 505260?
252
What is the greatest common divisor of 155830 and 50?
10
Calculate the highest common divisor of 17719 and 282.
47
What is the highest common factor of 298165 and 5?
5
Calculate the greatest common divisor of 56345 and 53671.
191
Calculate the highest common factor of 31507 and 196.
49
Calculate the greatest common divisor of 1600 and 480.
160
What is the highest common divisor of 506 and 1104?
46
Calculate the greatest common factor of 944 and 33394.
118
Calculate the highest common factor of 112546 and 28.
14
What is the greatest common factor of 44 and 92972?
44
What is the highest common factor of 287690 and 30?
10
Calculate the greatest common divisor of 1602601 and 154.
77
Calculate the greatest common divisor of 53100 and 6300.
900
Calculate the highest common factor of 8414174 and 106.
106
Calculate the greatest common divisor of 1287 and 2353.
13
What is the highest common factor of 1341 and 15049?
149
What is the highest common factor of 5117 and 15708?
119
Calculate the greatest common divisor of 5273980 and 10.
10
Calculate the greatest com